{"id":250,"date":"2018-01-29T23:33:33","date_gmt":"2018-01-30T04:33:33","guid":{"rendered":"http:\/\/yameya.co\/?page_id=250"},"modified":"2025-03-04T17:33:31","modified_gmt":"2025-03-04T22:33:31","slug":"formas-de-pago","status":"publish","type":"page","link":"https:\/\/yameya.co\/?page_id=250","title":{"rendered":"Formas de pago"},"content":{"rendered":"<h2>Pago en taquilla<\/h2>\n<ul>\n<li>En las taquillas se reciben <strong>pagos en efectivo y QR.<\/strong><\/li>\n<\/ul>\n<h2>Pago v\u00eda electr\u00f3nica<\/h2>\n<p>Para realizar este pago tener en cuenta la siguiente informaci\u00f3n:<\/p>\n<ul>\n<li>Cuenta Ahorros Bancolombia N\u00ba 10697123956<\/li>\n<li>Titular: Transportes Yameya S.A<\/li>\n<li>Enviar el soporte de transferencia al correo:\u00a0<a href=\"mailto:administrativo@yameya.co\" target=\"_blank\" rel=\"noopener\">administrativo@yameya.co<\/a>, indicar en el correo electr\u00f3nico nombres y apellidos de la o las personas que realizaran el viaje..<\/li>\n<\/ul>\n<p><strong>Nota: La venta del tiquete estar\u00e1 sujeto a disponibilidad.<\/strong><\/p>\n","protected":false},"excerpt":{"rendered":"<p>Pago en taquilla En las taquillas se reciben pagos en efectivo y QR. Pago v\u00eda electr\u00f3nica Para realizar este pago tener en cuenta la siguiente informaci\u00f3n: Cuenta Ahorros Bancolombia N\u00ba 10697123956 Titular: Transportes Yameya S.A Enviar el soporte de transferencia al correo:\u00a0administrativo@yameya.co, indicar en el correo electr\u00f3nico nombres y apellidos de la o las personas&hellip;<\/p>\n","protected":false},"author":1,"featured_media":0,"parent":0,"menu_order":0,"comment_status":"closed","ping_status":"closed","template":"","meta":{"footnotes":""},"class_list":["post-250","page","type-page","status-publish","hentry"],"_links":{"self":[{"href":"https:\/\/yameya.co\/index.php?rest_route=\/wp\/v2\/pages\/250","targetHints":{"allow":["GET"]}}],"collection":[{"href":"https:\/\/yameya.co\/index.php?rest_route=\/wp\/v2\/pages"}],"about":[{"href":"https:\/\/yameya.co\/index.php?rest_route=\/wp\/v2\/types\/page"}],"author":[{"embeddable":true,"href":"https:\/\/yameya.co\/index.php?rest_route=\/wp\/v2\/users\/1"}],"replies":[{"embeddable":true,"href":"https:\/\/yameya.co\/index.php?rest_route=%2Fwp%2Fv2%2Fcomments&post=250"}],"version-history":[{"count":7,"href":"https:\/\/yameya.co\/index.php?rest_route=\/wp\/v2\/pages\/250\/revisions"}],"predecessor-version":[{"id":834,"href":"https:\/\/yameya.co\/index.php?rest_route=\/wp\/v2\/pages\/250\/revisions\/834"}],"wp:attachment":[{"href":"https:\/\/yameya.co\/index.php?rest_route=%2Fwp%2Fv2%2Fmedia&parent=250"}],"curies":[{"name":"wp","href":"https:\/\/api.w.org\/{rel}","templated":true}]}}