{"id":603,"date":"2021-07-27T18:53:44","date_gmt":"2021-07-27T23:53:44","guid":{"rendered":"http:\/\/yameya.co\/?page_id=603"},"modified":"2021-07-27T19:08:23","modified_gmt":"2021-07-28T00:08:23","slug":"agro-rosario","status":"publish","type":"page","link":"https:\/\/yameya.co\/?page_id=603","title":{"rendered":"AGRO ROSARIO"},"content":{"rendered":"\n<div class=\"wp-block-image\"><figure class=\"alignleft size-large is-resized\"><img loading=\"lazy\" decoding=\"async\" src=\"https:\/\/yameya.co\/wp-content\/uploads\/2021\/05\/IMG-20210524-WA0018-651x1024.jpg\" alt=\"\" class=\"wp-image-604\" width=\"173\" height=\"272\" srcset=\"https:\/\/yameya.co\/wp-content\/uploads\/2021\/05\/IMG-20210524-WA0018-651x1024.jpg 651w, https:\/\/yameya.co\/wp-content\/uploads\/2021\/05\/IMG-20210524-WA0018-191x300.jpg 191w, https:\/\/yameya.co\/wp-content\/uploads\/2021\/05\/IMG-20210524-WA0018.jpg 720w\" sizes=\"auto, (max-width: 173px) 100vw, 173px\" \/><\/figure><\/div>\n\n\n\n<p align=\"justify\">Para el fin del siglo la vereda Aguacatal era una prospera comunidad campesina integrada por unas 130 familias dedicadas a la producci\u00f3n de leche y panela. Por la violencia e inestabilidad en los precios de la panela y la leche est\u00e1 comunidad se viene a menos y para 2012 quedaban en el territorio solo 30 familias empobrecidas, desesperadas y con pocas iluciones. Para entonces se construye en la vereda un trapiche comunitario por parte del municipio y el departamento y en torno a ese trapiche y como respuesta a la profunda crisis social y econ\u00f3mica de la comunidad se crea la Asociaci\u00f3n AGROROSARIO con 22 asociados hombres dedicados a la producci\u00f3n de panela y con la Asociaci\u00f3n se inici\u00f3 la recuperaci\u00f3n econ\u00f3mica y social de esta comunidad y es as\u00ed como se ha propiciado el retorno de 70 familias al territorio, se ha vinculado la mujer al proceso productivo, la producci\u00f3n se ha avanzado en las t\u00e9cnicas de producci\u00f3n, somos m\u00e1s sostenibles y amigables con el ambiente, la producci\u00f3n se ha diversificado con la introducci\u00f3n del cacao, el caf\u00e9, el pl\u00e1tano, el aj\u00ed y la apicultura como actividades econ\u00f3micas, tambi\u00e9n nos hemos preocupado por la seguridad alimentaria y antes solo ten\u00edamos leche y panela hoy somos autosuficientes en huevos, pollo, yuca, pl\u00e1tano, tomate, cebolla se produce algo de ma\u00edz, frijol y algunas frutas.<\/p>\n\n\n\n<p align=\"justify\">Hemos sido ganadores en algunos concursos a nivel nacional y departamental, los asociados y la comunidad en general se ha capacitado en aspectos t\u00e9cnicos y humanos, con la Instituci\u00f3n Educativa El Cedro se han hecho acuerdos para que los estudiantes de media t\u00e9cnica agropecuaria hagan sus pr\u00e1cticas en la asociaci\u00f3n.<br><\/p>\n\n\n\n<div class=\"wp-block-image\"><figure class=\"alignleft size-large is-resized\"><img loading=\"lazy\" decoding=\"async\" src=\"https:\/\/yameya.co\/wp-content\/uploads\/2021\/05\/IMG-20210524-WA0019-1.jpg\" alt=\"\" class=\"wp-image-623\" width=\"281\" height=\"287\" srcset=\"https:\/\/yameya.co\/wp-content\/uploads\/2021\/05\/IMG-20210524-WA0019-1.jpg 846w, https:\/\/yameya.co\/wp-content\/uploads\/2021\/05\/IMG-20210524-WA0019-1-294x300.jpg 294w, https:\/\/yameya.co\/wp-content\/uploads\/2021\/05\/IMG-20210524-WA0019-1-768x784.jpg 768w\" sizes=\"auto, (max-width: 281px) 100vw, 281px\" \/><\/figure><\/div>\n\n\n\n<div class=\"wp-block-image\"><figure class=\"alignleft size-large is-resized\"><img loading=\"lazy\" decoding=\"async\" src=\"https:\/\/yameya.co\/wp-content\/uploads\/2021\/05\/IMG-20210524-WA0020-1-774x1024.jpg\" alt=\"\" class=\"wp-image-622\" width=\"245\" height=\"325\" srcset=\"https:\/\/yameya.co\/wp-content\/uploads\/2021\/05\/IMG-20210524-WA0020-1-774x1024.jpg 774w, https:\/\/yameya.co\/wp-content\/uploads\/2021\/05\/IMG-20210524-WA0020-1-227x300.jpg 227w, https:\/\/yameya.co\/wp-content\/uploads\/2021\/05\/IMG-20210524-WA0020-1-768x1016.jpg 768w, https:\/\/yameya.co\/wp-content\/uploads\/2021\/05\/IMG-20210524-WA0020-1.jpg 968w\" sizes=\"auto, (max-width: 245px) 100vw, 245px\" \/><\/figure><\/div>\n\n\n\n<figure class=\"wp-block-gallery columns-0 is-cropped wp-block-gallery-1 is-layout-flex wp-block-gallery-is-layout-flex\"><ul class=\"blocks-gallery-grid\"><\/ul><\/figure>\n\n\n\n<p align=\"justify\">Hemos recibido grupos de productores y de estudiantes de colegios y universidades nacionales y del exterior que han venido a conocer nuestra experiencia.<\/p>\n\n\n\n<p align=\"justify\"><br>Hoy somos 100 familias en Aguacatal, nuestra mayor limitante es la falta de vivienda, a\u00fan as\u00ed calculamos que en los pr\u00f3ximos 2 a\u00f1os llegar\u00e1n unas 20 familias m\u00e1s al territorio.<\/p>\n\n\n\n<p align=\"justify\"><br><br>Nuestros proyectos a corto plazo son consolidar la producci\u00f3n de cacao y su transformaci\u00f3n, masificar la apicultura y certificar la producci\u00f3n de panela como org\u00e1nica.<br>Hoy somos 30 asociados 18 hombres y 12 mujeres.<\/p>\n\n\n\n<figure class=\"wp-block-gallery aligncenter columns-3 is-cropped wp-block-gallery-2 is-layout-flex wp-block-gallery-is-layout-flex\"><ul class=\"blocks-gallery-grid\"><li class=\"blocks-gallery-item\"><figure><img loading=\"lazy\" decoding=\"async\" width=\"1024\" height=\"768\" src=\"https:\/\/yameya.co\/wp-content\/uploads\/2021\/05\/IMG-20210524-WA0009-1024x768.jpg\" alt=\"\" data-id=\"608\" data-full-url=\"https:\/\/yameya.co\/wp-content\/uploads\/2021\/05\/IMG-20210524-WA0009.jpg\" data-link=\"https:\/\/yameya.co\/?attachment_id=608\" class=\"wp-image-608\" srcset=\"https:\/\/yameya.co\/wp-content\/uploads\/2021\/05\/IMG-20210524-WA0009-1024x768.jpg 1024w, https:\/\/yameya.co\/wp-content\/uploads\/2021\/05\/IMG-20210524-WA0009-300x225.jpg 300w, https:\/\/yameya.co\/wp-content\/uploads\/2021\/05\/IMG-20210524-WA0009-768x576.jpg 768w, https:\/\/yameya.co\/wp-content\/uploads\/2021\/05\/IMG-20210524-WA0009.jpg 1040w\" sizes=\"auto, (max-width: 1024px) 100vw, 1024px\" \/><\/figure><\/li><li class=\"blocks-gallery-item\"><figure><img loading=\"lazy\" decoding=\"async\" width=\"1024\" height=\"473\" src=\"https:\/\/yameya.co\/wp-content\/uploads\/2021\/05\/IMG-20210524-WA0010-1024x473.jpg\" alt=\"\" data-id=\"609\" data-full-url=\"https:\/\/yameya.co\/wp-content\/uploads\/2021\/05\/IMG-20210524-WA0010.jpg\" data-link=\"https:\/\/yameya.co\/?attachment_id=609\" class=\"wp-image-609\" srcset=\"https:\/\/yameya.co\/wp-content\/uploads\/2021\/05\/IMG-20210524-WA0010-1024x473.jpg 1024w, https:\/\/yameya.co\/wp-content\/uploads\/2021\/05\/IMG-20210524-WA0010-300x138.jpg 300w, https:\/\/yameya.co\/wp-content\/uploads\/2021\/05\/IMG-20210524-WA0010-768x354.jpg 768w, https:\/\/yameya.co\/wp-content\/uploads\/2021\/05\/IMG-20210524-WA0010.jpg 1040w\" sizes=\"auto, (max-width: 1024px) 100vw, 1024px\" \/><\/figure><\/li><li class=\"blocks-gallery-item\"><figure><img loading=\"lazy\" decoding=\"async\" width=\"1024\" height=\"585\" src=\"https:\/\/yameya.co\/wp-content\/uploads\/2021\/05\/IMG-20210524-WA0014-1024x585.jpg\" alt=\"\" data-id=\"610\" data-full-url=\"https:\/\/yameya.co\/wp-content\/uploads\/2021\/05\/IMG-20210524-WA0014.jpg\" data-link=\"https:\/\/yameya.co\/?attachment_id=610\" class=\"wp-image-610\" srcset=\"https:\/\/yameya.co\/wp-content\/uploads\/2021\/05\/IMG-20210524-WA0014-1024x585.jpg 1024w, https:\/\/yameya.co\/wp-content\/uploads\/2021\/05\/IMG-20210524-WA0014-300x171.jpg 300w, https:\/\/yameya.co\/wp-content\/uploads\/2021\/05\/IMG-20210524-WA0014-768x439.jpg 768w, https:\/\/yameya.co\/wp-content\/uploads\/2021\/05\/IMG-20210524-WA0014-240x136.jpg 240w, https:\/\/yameya.co\/wp-content\/uploads\/2021\/05\/IMG-20210524-WA0014.jpg 1080w\" sizes=\"auto, (max-width: 1024px) 100vw, 1024px\" \/><\/figure><\/li><li class=\"blocks-gallery-item\"><figure><img loading=\"lazy\" decoding=\"async\" width=\"889\" height=\"500\" src=\"https:\/\/yameya.co\/wp-content\/uploads\/2021\/05\/IMG-20210524-WA0015.jpg\" alt=\"\" data-id=\"611\" data-full-url=\"https:\/\/yameya.co\/wp-content\/uploads\/2021\/05\/IMG-20210524-WA0015.jpg\" data-link=\"https:\/\/yameya.co\/?attachment_id=611\" class=\"wp-image-611\" srcset=\"https:\/\/yameya.co\/wp-content\/uploads\/2021\/05\/IMG-20210524-WA0015.jpg 889w, https:\/\/yameya.co\/wp-content\/uploads\/2021\/05\/IMG-20210524-WA0015-300x169.jpg 300w, https:\/\/yameya.co\/wp-content\/uploads\/2021\/05\/IMG-20210524-WA0015-768x432.jpg 768w, https:\/\/yameya.co\/wp-content\/uploads\/2021\/05\/IMG-20210524-WA0015-240x136.jpg 240w\" sizes=\"auto, (max-width: 889px) 100vw, 889px\" \/><\/figure><\/li><li class=\"blocks-gallery-item\"><figure><img loading=\"lazy\" decoding=\"async\" width=\"737\" height=\"418\" src=\"https:\/\/yameya.co\/wp-content\/uploads\/2021\/05\/IMG-20210524-WA0016.jpg\" alt=\"\" data-id=\"612\" data-full-url=\"https:\/\/yameya.co\/wp-content\/uploads\/2021\/05\/IMG-20210524-WA0016.jpg\" data-link=\"https:\/\/yameya.co\/?attachment_id=612\" class=\"wp-image-612\" srcset=\"https:\/\/yameya.co\/wp-content\/uploads\/2021\/05\/IMG-20210524-WA0016.jpg 737w, https:\/\/yameya.co\/wp-content\/uploads\/2021\/05\/IMG-20210524-WA0016-300x170.jpg 300w, https:\/\/yameya.co\/wp-content\/uploads\/2021\/05\/IMG-20210524-WA0016-240x136.jpg 240w\" sizes=\"auto, (max-width: 737px) 100vw, 737px\" \/><\/figure><\/li><\/ul><\/figure>\n\n\n\n<p align=\"justify\"><br>Nuestro mayores logros han sido propiciar el retorno de las familias al territorio, generar empleo y autoempleo, elevar la calidad de vida de toda la comunidad, avanzar en la protecci\u00f3n del medio ambiente y ante todo que se le ha devuelto la confianza en s\u00ed misma a toda una comunidad y con esa confianza el derecho a so\u00f1ar con un futuro mejor.<\/p>\n\n\n\n<p align=\"justify\"><br>Nuestra gratitud con usted doctora Luz Enit y con la empresa YAMEYA, sin personas como ustedes este proyecto jam\u00e1s hubiera sido posible.<\/p>\n\n\n\n<figure class=\"wp-block-gallery columns-3 is-cropped wp-block-gallery-3 is-layout-flex wp-block-gallery-is-layout-flex\"><ul class=\"blocks-gallery-grid\"><li class=\"blocks-gallery-item\"><figure><img loading=\"lazy\" decoding=\"async\" width=\"1024\" height=\"471\" src=\"https:\/\/yameya.co\/wp-content\/uploads\/2021\/05\/IMG-20210524-WA0011-1024x471.jpg\" alt=\"\" data-id=\"615\" data-link=\"https:\/\/yameya.co\/?attachment_id=615\" class=\"wp-image-615\" srcset=\"https:\/\/yameya.co\/wp-content\/uploads\/2021\/05\/IMG-20210524-WA0011-1024x471.jpg 1024w, https:\/\/yameya.co\/wp-content\/uploads\/2021\/05\/IMG-20210524-WA0011-300x138.jpg 300w, https:\/\/yameya.co\/wp-content\/uploads\/2021\/05\/IMG-20210524-WA0011-768x353.jpg 768w, https:\/\/yameya.co\/wp-content\/uploads\/2021\/05\/IMG-20210524-WA0011.jpg 1280w\" sizes=\"auto, (max-width: 1024px) 100vw, 1024px\" \/><\/figure><\/li><li class=\"blocks-gallery-item\"><figure><img loading=\"lazy\" decoding=\"async\" width=\"1024\" height=\"473\" src=\"https:\/\/yameya.co\/wp-content\/uploads\/2021\/05\/IMG-20210524-WA0021-1024x473.jpg\" alt=\"\" data-id=\"616\" data-link=\"https:\/\/yameya.co\/?attachment_id=616\" class=\"wp-image-616\" srcset=\"https:\/\/yameya.co\/wp-content\/uploads\/2021\/05\/IMG-20210524-WA0021-1024x473.jpg 1024w, https:\/\/yameya.co\/wp-content\/uploads\/2021\/05\/IMG-20210524-WA0021-300x138.jpg 300w, https:\/\/yameya.co\/wp-content\/uploads\/2021\/05\/IMG-20210524-WA0021-768x354.jpg 768w, https:\/\/yameya.co\/wp-content\/uploads\/2021\/05\/IMG-20210524-WA0021.jpg 1040w\" sizes=\"auto, (max-width: 1024px) 100vw, 1024px\" \/><\/figure><\/li><li class=\"blocks-gallery-item\"><figure><img loading=\"lazy\" decoding=\"async\" width=\"1024\" height=\"761\" src=\"https:\/\/yameya.co\/wp-content\/uploads\/2021\/05\/IMG-20210524-WA0022-1024x761.jpg\" alt=\"\" data-id=\"617\" data-link=\"https:\/\/yameya.co\/?attachment_id=617\" class=\"wp-image-617\" srcset=\"https:\/\/yameya.co\/wp-content\/uploads\/2021\/05\/IMG-20210524-WA0022-1024x761.jpg 1024w, https:\/\/yameya.co\/wp-content\/uploads\/2021\/05\/IMG-20210524-WA0022-300x223.jpg 300w, https:\/\/yameya.co\/wp-content\/uploads\/2021\/05\/IMG-20210524-WA0022-768x571.jpg 768w, https:\/\/yameya.co\/wp-content\/uploads\/2021\/05\/IMG-20210524-WA0022.jpg 1080w\" sizes=\"auto, (max-width: 1024px) 100vw, 1024px\" \/><\/figure><\/li><li class=\"blocks-gallery-item\"><figure><img loading=\"lazy\" decoding=\"async\" width=\"1024\" height=\"768\" src=\"https:\/\/yameya.co\/wp-content\/uploads\/2021\/05\/IMG-20210524-WA0004-1024x768.jpg\" alt=\"\" data-id=\"618\" data-link=\"https:\/\/yameya.co\/?attachment_id=618\" class=\"wp-image-618\" srcset=\"https:\/\/yameya.co\/wp-content\/uploads\/2021\/05\/IMG-20210524-WA0004-1024x768.jpg 1024w, https:\/\/yameya.co\/wp-content\/uploads\/2021\/05\/IMG-20210524-WA0004-300x225.jpg 300w, https:\/\/yameya.co\/wp-content\/uploads\/2021\/05\/IMG-20210524-WA0004-768x576.jpg 768w, https:\/\/yameya.co\/wp-content\/uploads\/2021\/05\/IMG-20210524-WA0004.jpg 1040w\" sizes=\"auto, (max-width: 1024px) 100vw, 1024px\" \/><\/figure><\/li><li class=\"blocks-gallery-item\"><figure><img loading=\"lazy\" decoding=\"async\" width=\"1024\" height=\"473\" src=\"https:\/\/yameya.co\/wp-content\/uploads\/2021\/05\/IMG-20210524-WA0005-1024x473.jpg\" alt=\"\" data-id=\"619\" data-link=\"https:\/\/yameya.co\/?attachment_id=619\" class=\"wp-image-619\" srcset=\"https:\/\/yameya.co\/wp-content\/uploads\/2021\/05\/IMG-20210524-WA0005-1024x473.jpg 1024w, https:\/\/yameya.co\/wp-content\/uploads\/2021\/05\/IMG-20210524-WA0005-300x138.jpg 300w, https:\/\/yameya.co\/wp-content\/uploads\/2021\/05\/IMG-20210524-WA0005-768x354.jpg 768w, https:\/\/yameya.co\/wp-content\/uploads\/2021\/05\/IMG-20210524-WA0005.jpg 1040w\" sizes=\"auto, (max-width: 1024px) 100vw, 1024px\" \/><\/figure><\/li><\/ul><\/figure>\n\n\n\n<figure class=\"wp-block-embed-youtube aligncenter wp-block-embed is-type-video is-provider-youtube wp-embed-aspect-16-9 wp-has-aspect-ratio\"><div class=\"wp-block-embed__wrapper\">\n<iframe loading=\"lazy\" title=\"Mart\u00edn Areiza, Agrorosario - Empresario Interactuar\" width=\"700\" height=\"394\" src=\"https:\/\/www.youtube.com\/embed\/6zALPFaKbkE?feature=oembed\" frameborder=\"0\" allow=\"accelerometer; autoplay; clipboard-write; encrypted-media; gyroscope; picture-in-picture\" allowfullscreen><\/iframe>\n<\/div><\/figure>\n","protected":false},"excerpt":{"rendered":"<p>Para el fin del siglo la vereda Aguacatal era una prospera comunidad campesina integrada por unas 130 familias dedicadas a la producci\u00f3n de leche y panela. Por la violencia e inestabilidad en los precios de la panela y la leche est\u00e1 comunidad se viene a menos y para 2012 quedaban en el territorio solo 30&hellip;<\/p>\n","protected":false},"author":1,"featured_media":0,"parent":0,"menu_order":0,"comment_status":"closed","ping_status":"closed","template":"","meta":{"footnotes":""},"class_list":["post-603","page","type-page","status-publish","hentry"],"_links":{"self":[{"href":"https:\/\/yameya.co\/index.php?rest_route=\/wp\/v2\/pages\/603","targetHints":{"allow":["GET"]}}],"collection":[{"href":"https:\/\/yameya.co\/index.php?rest_route=\/wp\/v2\/pages"}],"about":[{"href":"https:\/\/yameya.co\/index.php?rest_route=\/wp\/v2\/types\/page"}],"author":[{"embeddable":true,"href":"https:\/\/yameya.co\/index.php?rest_route=\/wp\/v2\/users\/1"}],"replies":[{"embeddable":true,"href":"https:\/\/yameya.co\/index.php?rest_route=%2Fwp%2Fv2%2Fcomments&post=603"}],"version-history":[{"count":20,"href":"https:\/\/yameya.co\/index.php?rest_route=\/wp\/v2\/pages\/603\/revisions"}],"predecessor-version":[{"id":677,"href":"https:\/\/yameya.co\/index.php?rest_route=\/wp\/v2\/pages\/603\/revisions\/677"}],"wp:attachment":[{"href":"https:\/\/yameya.co\/index.php?rest_route=%2Fwp%2Fv2%2Fmedia&parent=603"}],"curies":[{"name":"wp","href":"https:\/\/api.w.org\/{rel}","templated":true}]}}